 v.
13
Suppose -p + 56 = 2*d, 5*d - 2*d + 3*p = 78. What is the remainder when 119 is divided by d?
29
Let u = 101 + -87. Calculate the remainder when 50 is divided by u.
8
Let l(y) = -y**3 - 25*y**2 - 46*y + 41. Suppose -36 = 5*d - 111. What is the remainder when l(-23) is divided by d?
11
Let t be (-2)/(-8) - (-170)/(-8). Let k = 1 - t. Let p = k + -11. Calculate the remainder when 32 is divided by p.
10
Suppose -3*j + 36 = -27. Calculate the remainder when 40 is divided by j.
19
Suppose 4*g - 4 = -2*n + 8, 0 = -g + n. Suppose j - 3 - g = 0. Let o(d) = 2*d**2 + d - 3. Calculate the remainder when j is divided by o(-2).
2
Let g = -7 + 8. Suppose 3*h - 29 = g. What is the remainder when 37 is divided by h?
7
Let z(q) = -q**2 + 2*q**2 - 3*q**2 + q**2 - 2 + 7*q. What is the remainder when 29 is divided by z(4)?
9
Suppose -d - 4*c + 296 = 3*d, -5*d + 5*c + 400 = 0. What is the remainder when d is divided by 27?
23
Let r be ((-24)/(-15))/(4/10). Suppose -r*z + 24 = -z. What is the remainder when 14 is divided by z?
6
Suppose -4*p - 5*l = -66, -3*p + 46 = -3*l + 5*l. What is the remainder when 26 is divided by p?
12
Suppose t - 2*t + 29 = 0. Let c = t - 53. Let w = 44 + c. Calculate the remainder when 39 is divided by w.
19
Let x = 13 + -3. What is the remainder when 39 + -2 + (-2 - -3) is divided by x?
8
Let d = 2 - -7. Let v(z) = -z**3 - z**2. Let q be v(0). Suppose q = 4*i - 9*i + 130. What is the remainder when i is divided by d?
8
Let q(w) = 2*w - 2. Let x be q(7). Suppose 9 + x = 3*l. Let y(g) = -g**3 - 12*g**2 + 11*g. Calculate the remainder when y(-13) is divided by l.
5
Let o = 198 - 175. Calculate the remainder when 91 is divided by o.
22
Suppose 3*b = -7 - 2. Let j be (4/b)/((-2)/3). Suppose -5*v = -j*v - 21. Calculate the remainder when v is divided by 3.
1
Let j(z) = 2*z**2 + z - 2. Let o be j(-2). Suppose -18 + 82 = 3*t - 5*u, o*t - 3*u - 100 = 0. Let h = -3 + 18. What is the remainder when t is divided by h?
13
Suppose r - 19 + 5 = 0. What is the remainder when 7 is divided by (8/r)/((-2)/(-7))?
1
Suppose 2*k = s - 26, -4*s + 8*s - 2*k = 98. Calculate the remainder when s is divided by (-26)/(1/((-2)/4)).
11
Let p = -8 - -8. Let w(t) be the third derivative of t**4/24 + 35*t**3/6 - 4*t**2. Calculate the remainder when w(p) is divided by 12.
11
Suppose -s - 4*s = -k - 1, -k - s + 17 = 0. Calculate the remainder when 82 is divided by k.
12
Let u(y) = 8*y - 2. Let k be u(4). What is the remainder when 27 is divided by (k/9)/(3/9)?
7
Suppose m - 4*m - 3 = 0. Let j(p) = p**3 - 1. Let x be j(m). Let u = x + 45. What is the remainder when u is divided by 22?
21
Let j = 72 - 59. Calculate the remainder when 38 is divided by j.
12
Let v(a) = -2*a**2 - 6*a. Let z be v(-4). Let p = 15 + z. Suppose 8*q - 65 = 3*q. What is the remainder when q is divided by p?
6
Let z = 8 + -55. Let t = 0 - z. Calculate the remainder when t is divided by 16.
15
Let u(q) = -q**3 + 6*q**2 + q + 1. Let l = 45 + -26. Calculate the remainder when u(4) is divided by l.
18
Suppose 8*c = 5*c + 21. What is the remainder when 12 is divided by c?
5
Suppose -4*d = f - 17, -d - 8 = -5*d. Suppose 0*s = 3*s - f. Suppose 0 = a - 4 + 2, -a = -s*w + 154. What is the remainder when w is divided by 18?
16
Let f = 19 - 10. Suppose -49 = -z - t - 15, -z = -5*t - 34. Calculate the remainder when z is divided by f.
7
Suppose -3 = -3*w + 12. Suppose w*s = 2*k + 55, -4*s + 18 = k - 39. Calculate the remainder when 38 is divided by s.
12
Let x = -13 - -26. Let h(z) = z**2 - 6*z + 5. Calculate the remainder when x is divided by h(6).
3
Suppose 6*q = 104 + 28. Let i(y) = 41*y**2. What is the remainder when i(-1) is divided by q?
19
Let y = -28 - -43. What is the remainder when 57 is divided by y?
12
Suppose 2*u - 30 = -g, 0 = -5*u + 3*g + 89 + 8. What is the remainder when 64 is divided by u?
13
Suppose -r + 4*l = 10, 0 = 5*r - l - l - 4. Suppose -2*s = -3*s + 4. Calculate the remainder when s is divided by r.
0
Suppose p = 1 + 1. Let c be (5/3)/(2/6). Suppose 16 = c*k - 4. Calculate the remainder when k is divided by p.
0
Let k(r) = r**2 - 2*r**3 + 0 + 2 - 2*r + 9*r**3. Let h be k(2). Suppose 3*i + 183 = 4*b - 44, 0 = b - 2*i - h. What is the remainder when b is divided by 19?
18
Let i(y) be the first derivative of 2*y**3/3 + y**2 + y + 2. Let a be i(-1). What is the remainder when 9 is divided by a/(-1 - (-6)/5)?
4
Suppose 2*u - 37 = -3*h, 4*u - 11 = -h + 2*h. Suppose 4*g - 29 = -h. What is the remainder when 9 is divided by g?
4
Let b = -3 + 2. What is the remainder when (5/2)/(b/(-2)) is divided by 2?
1
Suppose -5*y + 49 = 2*d - 4, 2*y = d + 23. Calculate the remainder when 18 is divided by y.
7
Let r(i) = -2*i**3 - 4*i**2 - 7*i - 4. Calculate the remainder when r(-4) is divided by 5.
3
Let a = 31 - 2. Suppose 18*o - 102 - 42 = 0. What is the remainder when a is divided by o?
5
Calculate the remainder when (14/4)/((-7)/(-28)) is divided by 9.
5
Let a = -10 + 16. Calculate the remainder when a is divided by (-264)/(-120) - (-4)/5.
0
Let t be 6/4 + 9/(-18). What is the remainder when 1 is divided by 1*(-3 + t + 3)?
0
Let m(b) = -2*b - 5*b + b + 2*b. Suppose -5*q + 54 = -2*q. What is the remainder when m(-13) is divided by q?
16
Let c(x) = x**3 - 2*x**2 + x - 2. Let k(a) = 10*a + 3. Let v be k(-3). Let y = 1 - v. What is the remainder when y is divided by c(3)?
8
Suppose -4*b = b - 20. Suppose s = 3*q - 29, -b*q + 2*q - 3*s + 23 = 0. Let u = 0 + q. What is the remainder when 28 is divided by u?
8
Let y = 33 + -4. Suppose 86*g - 83*g = 24. What is the remainder when y is divided by g?
5
Suppose 6*c - 16 - 8 = 0. What is the remainder when 27 is divided by c?
3
Let o = 8 - -5. Let h = o - -4. Suppose 5*f = 3*c + h, 16 = 4*f - f + 4*c. Calculate the remainder when 10 is divided by f.
2
Suppose -105 = -6*p + p. What is the remainder when (-1212)/(-15) - (-2)/10 is divided by p?
18
Let r = -82 + 124. What is the remainder when r is divided by 11?
9
Let w(m) = -m**2 - 3*m + 8. What is the remainder when 37 is divided by w(-3)?
5
Let a = -7 - -11. Let u(s) = -2*s + 4. Let t be (-3)/12 - (-22)/(-8). Calculate the remainder when u(t) is divided by a.
2
Let v = 6 - 7. Let z = 4 + v. Suppose -5*k + 54 = -z*k. Calculate the remainder when k is divided by 7.
6
Let c(g) = g - 2. Calculate the remainder when 2 is divided by c(4).
0
Let t = -7 - -32. What is the remainder when t is divided by -2 + 12 + 1 + 2?
12
Let k(z) = -z**2 - 10*z - 10. Let s = -11 - -4. What is the remainder when 3*-1*82/(-6) is divided by k(s)?
8
Let v = 0 + 34. Suppose 0 = f - 2*m - 2, 0*f + m = -3*f + v. What is the remainder when 18 is divided by f?
8
Let r = -194 + 332. What is the remainder when r is divided by 47?
44
Let h = 11 - 2. Suppose 3*k = -2*n + h, -2*n + 2*k - 7 + 1 = 0. Suppose 3*g + n*f - 2*f = -3, -5*f + 12 = -3*g. What is the remainder when 2 is divided by g?
0
Let c = -1 + -212. Let v = c - -324. What is the remainder when v is divided by 28?
27
Let r(q) = 5*q**2 + 2*q - 2. What is the remainder when r(-2) is divided by 5?
4
Let i(o) = -o**3 + 9*o**2 - 5*o + 7. Let s(y) = y + 10. Let w be s(9). Let x = w - 11. What is the remainder when i(x) is divided by 16?
15
Let c(f) = -27*f. Let n be c(-1). Suppose 0 = y - n. Calculate the remainder when y is divided by 10.
7
Suppose 4*b - 124 = -4. What is the remainder when b is divided by 19?
11
Let g = 7 + -4. Suppose 0 = n - g*n - 12. What is the remainder when 8 is divided by (-4 - -1)/(n/10)?
3
Suppose 0 = -4*k - k + 25. Suppose k*w = -l - 21, w = -2*l - 0*w - 15. Let x = l - -15. What is the remainder when 16 is divided by x?
7
Let s = -2 - -7. Suppose s*x - 130 + 10 = 0. Calculate the remainder when x is divided by 13.
11
Let n(c) = 8*c**2. Calculate the remainder when 53 is divided by n(1).
5
Let y(b) = b**3 + 6*b**2 + 4*b. Suppose 0 = 3*n - 4*w - 39, 12 = 3*w - 7*w. Suppose 0 = d - 0*d - n. What is the remainder when y(-4) is divided by d?
7
Let f = 13 - 28. Let s = 30 + f. Suppose -2*j - 3*u + 13 = 0, -s = -2*j - 5*u - 4. What is the remainder when j is divided by 5?
3
Let t(c) = -2*c**2 - 35*c - 5. Calculate the remainder when t(-17) is divided by (-14 - 0)*(-1)/2.
5
Suppose -2*i + 4 = -12. Let r be 36/(-8)*i/(-6). Calculate the remainder when (-8)/r*(-33)/